st derivative of h**4/4 - 13*h**3/3 - 6*h**2 - 4*h + 1. List the prime factors of u(14).
2, 3
Suppose 1 + 7 = 5*w - 2*u, w + 4*u - 6 = 0. Let j be -2 + (24/3)/w. Suppose 5*y = -3*t, 0*t = 4*t - j*y - 26. What are the prime factors of t?
5
Let f(j) = -j**3 - 25*j**2 - 2*j + 3. What are the prime factors of f(-25)?
53
Let z(c) = 5*c**2 + 4*c - 8. What are the prime factors of z(-4)?
2, 7
Let o = -7 - -3. Let g = o + 8. Suppose g*f = 2*y + 78, f - y - 11 = 11. List the prime factors of f.
17
List the prime factors of (-189 + -1)*(-2)/4.
5, 19
Suppose -2*n = -5*d - 47, 77 = 4*n - d - 26. Let z = -16 + n. Let i = z - 5. List the prime factors of i.
5
List the prime factors of (1*24)/((-3)/(-4)).
2
Let q(x) = x - 1. Let o(w) = 7*w - 6. Let l(m) = o(m) - 4*q(m). What are the prime factors of l(3)?
7
Let m = 156 + -63. Let z = 131 - m. What are the prime factors of z?
2, 19
Suppose 2*i - 6 = -i. Suppose i*m + 0 - 4 = 0. Let h = m - -1. List the prime factors of h.
3
Let o(t) = t**3 + 8*t**2 + 4*t + 4. Let h(n) = n**3 + 3*n**2 - 2*n + 5. Let s be h(-4). Let y be o(s). Suppose y + 2 = 3*q. What are the prime factors of q?
13
Let y(i) = -i - 3. Let t be y(-5). Suppose -4 = t*m - 6. Let a = m + 1. What are the prime factors of a?
2
Suppose 0*c - c + 8 = 0. List the prime factors of c.
2
Suppose 2*x - 3*w + 27 = -31, 2*w = -x - 36. Let o = -9 - x. What are the prime factors of o?
23
Let x(j) = -j**2 + 27*j - 21. What are the prime factors of x(21)?
3, 5, 7
Let d(v) = -13*v - 4 - 9*v + 3. List the prime factors of d(-1).
3, 7
Let s be (8/(-10))/((-1)/5). Suppose 3*t = 2*t + s. Suppose 4 + 12 = t*d. What are the prime factors of d?
2
Let x be (-4)/(-6)*(1 - -2). Let d be -3*(x - 1) + 18. Suppose -f + 6*q - 3*q = 7, -3*f - 3*q = -d. What are the prime factors of f?
2
Suppose -2*b - 4*i = -3*b + 99, -5*b - 3*i + 403 = 0. What are the prime factors of b?
83
Let y(r) = r**2 - r - 7. Let t be y(-4). Suppose 0 = -4*u + 3*u + t. What are the prime factors of u?
13
What are the prime factors of (-45)/(-10)*(-30)/(-9)?
3, 5
List the prime factors of (63 - -2)*(-2)/(-2).
5, 13
Let l(t) = 0 - t + 1 + 1. Let r(m) = -2. Let z(f) = 3*l(f) + 2*r(f). What are the prime factors of z(-3)?
11
Suppose -r + 320 = 4*r. Let k = r + -41. What are the prime factors of k?
23
Let w(d) = -d**2 + 4*d + 3. Let a be w(4). Suppose -22 = -b + 5*g - a*g, 4*b = -4*g + 76. Let q = b - 14. List the prime factors of q.
2, 3
Let x(a) = 22*a**2 - a. List the prime factors of x(-1).
23
Suppose -3*w + 0*t + 96 = 4*t, -2*w - 2*t = -66. What are the prime factors of w?
2, 3
Suppose 2*z - 40 = -3*z. What are the prime factors of z?
2
Let l = -6 - -12. Let v = l + 8. List the prime factors of v.
2, 7
Let c = -1 - -3. Suppose 2*u = -3*k - c*u + 25, k + 3*u - 5 = 0. List the prime factors of k.
11
Let v = 14 + 30. What are the prime factors of v?
2, 11
Suppose 0 = 3*w - 0*w - 270. Suppose 4*l = -3*m + w, 3*l - 35 + 0 = -m. What are the prime factors of m?
2, 13
Let x(m) = 2*m**2 + 5*m - 30. List the prime factors of x(-15).
3, 5, 23
Let g be ((-4)/(-8))/((-2)/(-16)). Suppose -4*y = -4*r + 48, -51 = -g*r + y + 2*y. What are the prime factors of r?
3, 5
Let d be 10/6 + 5/15. Suppose -h - 14 + 4 = -d*l, l - h = 6. What are the prime factors of l?
2
What are the prime factors of (-2)/(-3) + 496/12?
2, 3, 7
Let n = 4 - -4. Let x be (6 + -3)/((-3)/n). List the prime factors of 0 + -2 + 0 - x.
2, 3
Suppose 0*i - 2*p - 332 = -3*i, 2*p = -2. What are the prime factors of i?
2, 5, 11
Let c = 0 - -3. Suppose -5*k + 5 = 2*w, -c*w + 16 = -3*k - 2. List the prime factors of -3 - (21/k - -1).
17
Suppose -2*t + 29 = 5*p, -5*p + p + 28 = 4*t. Suppose 163 - 453 = p*u + 5*c, -u - 46 = -2*c. List the prime factors of (-2)/5 + u/(-10).
5
Let a(t) = -10*t + 2. Let z be a(-4). Suppose s = -2*s + z. What are the prime factors of s?
2, 7
Let s(h) = 9*h - 2. Let i be s(3). Suppose -w - b = -8, 2*b - 5 + 22 = w. Suppose -2*q - 2*k = -33 + w, k = 5*q - i. What are the prime factors of q?
2, 3
Let u = 4 + 5. List the prime factors of u.
3
Let c be (2/(-7))/((-2)/14). Suppose -d = -4*d + 5*m + 1, d - 4*m + c = 0. Suppose o + 4 = d*b - o, 9 = 3*o. What are the prime factors of b?
5
Suppose -r - 2 = s - 2*s, 4*s - 14 = -2*r. List the prime factors of s.
3
Let y = -65 + 101. List the prime factors of y.
2, 3
Suppose 7*x = 2*x + 45. Let s = 16 - x. List the prime factors of s.
7
Suppose 4*k - 401 = -3*s, 4*s = 5*k + 9*s - 505. What are the prime factors of k?
2, 7
Let q be (0 + -1)*12/(-4). Suppose 0*r - 5 = -2*x - r, -5*x - 15 = -q*r. Suppose -y + x = 2*h - 17, -5*h + 4*y = -75. What are the prime factors of h?
11
Let s = -14 - -4. Let l(k) = -2*k - 14. What are the prime factors of l(s)?
2, 3
Let b be -2 + (2 - 1) - 7. Let h(s) = s**3 + 8*s**2 - s + 1. List the prime factors of h(b).
3
Let i be ((-3)/(-12) + 1)*4. Suppose 0 = -o - 4, i*o = 5*y - y - 92. What are the prime factors of y?
2, 3
Let k be (-1)/4 + (-687)/(-12). Let x = k + -33. Suppose 3*z - x = -6. List the prime factors of z.
2, 3
Suppose 2*b + 5 = -9. Let w = -5 - b. Suppose w*x - 22 = v, 0 = 2*x - x + v - 11. List the prime factors of x.
11
Let h be 42/4*(-36)/(-7). Let p = -37 + h. List the prime factors of p.
17
Let q = 23 - 15. Let y(x) = 3*x + 1. What are the prime factors of y(q)?
5
Suppose 0 = -2*t - 2*t - 20. Suppose 4*a = -20, 0*x - 3*a = 2*x + 15. Let n = x - t. What are the prime factors of n?
5
Let y(m) be the first derivative of 1/3*m**3 + m**2 - m + 2. List the prime factors of y(2).
7
Let f = -8 + 5. Let g = -18 - -17. List the prime factors of 3/(f/g)*13.
13
Let i(c) = 2 + c**2 + 10 + 0. Let n be (-14)/(-49) + 6/(-21). List the prime factors of i(n).
2, 3
Let r(y) = -2*y - 9. Let h be r(-7). Let m(g) = 13*g - 6. Let v be m(4). Suppose w + 2 = -2*n + 3*n, -v = -h*n - 4*w. List the prime factors of n.
2, 3
Let s(y) = 35*y**2 - y + 1. Let x be s(1). Suppose -2*u = -x - 5. Suppose -2*h - 3*h = 5*k - u, 5*h = -k. What are the prime factors of k?
5
Let a = 3 - 4. Let w be (1 + 0)*6/a. Let l(p) = -p**2 - 8*p. What are the prime factors of l(w)?
2, 3
Let b(j) = -3*j + 1. Let x = -6 - -5. Let v be b(x). Let q = 7 + v. List the prime factors of q.
11
Suppose 5*j - t = 41, 0 = j - 5*j - t + 40. Suppose 0 = -5*y - 4*c + 8*c + j, y + c = 9. What are the prime factors of y?
5
Let p(z) = -3*z - 2. Let q be p(-3). Let t = 13 - q. What are the prime factors of t?
2, 3
Let m = 12 + -33. List the prime factors of m*((-24)/28)/1.
2, 3
Suppose i + 16 = 3*g, 4*i + 8 = -3*g - i. Suppose 0 = -g*d + 29 + 27. What are the prime factors of d?
2, 7
Let l(a) = 4*a - 3. Let g be l(2). Suppose g*k + 0*k = 190. Suppose 4*z - k = 10. What are the prime factors of z?
2, 3
Suppose 3*m - 59 = 61. What are the prime factors of m?
2, 5
Suppose -n + 4 + 10 = 0. Let s = 29 - n. List the prime factors of s.
3, 5
List the prime factors of 2/((9/102)/(3/4)).
17
Suppose 5*p - 36 = -2*v, -3 - 3 = -3*p. What are the prime factors of v?
13
Let y = -7 - -11. Suppose -2*h = 4*s - 13 + 3, 5*s = 4*h + 32. Suppose b = 5, -s*i - y*b + 3*b + 17 = 0. List the prime factors of i.
3
Let j be 1 + 3 + -2 + 3. Suppose -o - 15 = -j*t, 2*t = -2 + 8. Suppose -d + 4 = -o. What are the prime factors of d?
2
Suppose 0 = 4*t - 2*f - 3*f - 222, -2*t + 118 = f. What are the prime factors of t?
2, 29
Suppose 5*q + 3*a = a + 126, -111 = -5*q + 3*a. Suppose 6 = -2*p + q. What are the prime factors of p?
3
Let g be 1140/(-9) - (-6)/9. What are the prime factors of (-2)/(-6) + g/(-27)?
5
Suppose 0 = 3*m + 3 - 18. Let p(s) = -s**2 + 6*s - 2. Let l be p(m). Suppose 3*v = -0*w - l*w + 27, 0 = -v + 4*w + 34. List the prime factors of v.
2, 7
Let p(v) = v**3 - 4*v + 3. Let g = -1 - -3. Let j be p(g). Suppose 2*k + 5 = 4*k - j*n, -k + 5*n = 15. List the prime factors of k.
2, 5
Suppose -5*x + 5*a + 220 = 0, 5*a - 2 - 36 = -x. List the prime factors of x.
43
Let n be ((-2)/6)/((-3)/45). Let u = n + -3. What are the prime factors of u?
2
Let v be 32/(-6)*18/(-8). Suppose 4*m + 0 - v = 0. Suppose -m*w - 40 = -8*w. List the prime factors of w.
2
Let b(i) be the second derivative of i**5/20 + i**4/12 - i**2 - 3*i. Let p be b(-2). Let h = 8 - p. List the prime factors of h.
2, 7
Let y = -78 - -138. What are the prime factors of y?
2, 3,